in base 3?
2
Convert 31 (base 8) to base 14.
1b
Convert 332 (base 4) to base 15.
42
Convert 4 (base 15) to base 6.
4
10 (base 3) to base 13
3
-7 (base 12) to base 15
-7
1031 (base 5) to base 2
10001101
What is 1 (base 12) in base 11?
1
What is -330 (base 4) in base 13?
-48
What is -2 (base 9) in base 13?
-2
Convert -122 (base 13) to base 6.
-525
Convert -10 (base 5) to base 13.
-5
What is 1144 (base 5) in base 10?
174
10 (base 3) to base 15
3
2 (base 15) to base 16
2
-2000 (base 3) to base 13
-42
1101100 (base 2) to base 4
1230
Convert -4 (base 9) to base 5.
-4
What is 172 (base 9) in base 14?
a6
What is -7 (base 10) in base 6?
-11
0 (base 10) to base 12
0
1 (base 2) to base 12
1
2 (base 7) to base 2
10
-3a (base 11) to base 12
-37
1 (base 12) to base 15
1
What is 25 (base 9) in base 8?
27
What is 14 (base 11) in base 4?
33
What is 22 (base 8) in base 13?
15
-3 (base 8) to base 11
-3
What is 6 (base 16) in base 15?
6
What is 47 (base 11) in base 16?
33
What is -3 (base 9) in base 5?
-3
Convert 0 (base 11) to base 4.
0
What is 12020 (base 3) in base 4?
2031
-7 (base 10) to base 8
-7
What is 6 (base 11) in base 13?
6
-16 (base 9) to base 12
-13
What is 201 (base 3) in base 14?
15
-144 (base 7) to base 14
-5b
13 (base 4) to base 9
7
Convert -2 (base 7) to base 14.
-2
Convert -4 (base 12) to base 9.
-4
Convert -10 (base 13) to base 9.
-14
What is 61 (base 11) in base 5?
232
Convert -212 (base 12) to base 8.
-456
56 (base 10) to base 3
2002
-1 (base 3) to base 4
-1
What is 1 (base 7) in base 11?
1
-1b (base 12) to base 13
-1a
What is 63 (base 14) in base 7?
153
18 (base 10) to base 5
33
What is 30 (base 4) in base 3?
110
-45 (base 10) to base 5
-140
Convert -101101000 (base 2) to base 11.
-2a8
What is -7 (base 12) in base 13?
-7
-2 (base 6) to base 11
-2
Convert -10100110 (base 2) to base 6.
-434
204 (base 5) to base 10
54
11 (base 3) to base 7
4
What is 10 (base 6) in base 14?
6
Convert -26 (base 11) to base 12.
-24
Convert 3 (base 5) to base 7.
3
What is -179 (base 11) in base 6?
-543
Convert -35 (base 13) to base 4.
-230
103 (base 12) to base 14
a7
What is b (base 14) in base 3?
102
Convert 1 (base 13) to base 4.
1
What is 3 (base 7) in base 16?
3
What is 5 (base 14) in base 15?
5
Convert 50 (base 7) to base 3.
1022
What is -42 (base 5) in base 3?
-211
20 (base 14) to base 9
31
What is -19 (base 16) in base 2?
-11001
Convert -151 (base 6) to base 2.
-1000011
Convert 6 (base 7) to base 10.
6
Convert 121 (base 3) to base 2.
10000
-58 (base 14) to base 12
-66
What is -1120 (base 5) in base 13?
-c4
3 (base 6) to base 15
3
Convert -25 (base 8) to base 13.
-18
Convert 11 (base 15) to base 8.
20
What is 410 (base 5) in base 11?
96
Convert -95 (base 10) to base 14.
-6b
-1322 (base 4) to base 14
-8a
2 (base 9) to base 7
2
What is 11 (base 12) in base 16?
d
Convert -6 (base 10) to base 5.
-11
What is 73 (base 8) in base 9?
65
-41 (base 5) to base 2
-10101
-1 (base 10) to base 13
-1
What is 11011 (base 2) in base 16?
1b
0 (base 14) to base 9
0
-1 (base 10) to base 14
-1
Convert -21 (base 8) to base 7.
-23
What is -5 (base 13) in base 6?
-5
Convert -28 (base 11) to base 16.
-1e
Convert -92 (base 14) to base 16.
-80
5 (base 6) to base 10
5
What is 7 (base 11) in base 12?
7
Convert -5 (base 6) to base 9.
-5
-14 (base 13) to base 5
-32
Convert 1 (base 5) to base 11.
1
-1a (base 14) to base 2
-11000
Convert -8 (base 13) to base 9.
-8
Convert -6 (base 14) to base 2.
-110
41 (base 8) to base 11
30
What is -3 (base 11) in base 2?
-11
5 (base 16) to base 9
5
10 (base 7) to base 6
11
What is 12 (base 14) in base 5?
31
Convert -24 (base 15) to base 14.
-26
-21 (base 16) to base 12
-29
Convert 11123 (base 4) to base 6.
1335
What is 101110 (base 2) in base 14?
34
-22 (base 8) to base 4
-102
Convert 227 (base 10) to base 12.
16b
14 (base 12) to base 2
10000
Convert 14 (base 8) to base 16.
c
Convert 1a8 (base 14) to base 4.
11120
Convert 665 (base 7) to base 11.
290
What is -17 (base 15) in base 10?
-22
2022 (base 3) to base 11
57
Convert 9 (base 13) to base 5.
14
What is -1c (base 14) in base 4?
-122
What is -200 (base 8) in base 5?
-1003
-12 (base 3) to base 16
-5
What is -60 (base 7) in base 6?
-110
What is -2 (base 5) in base 9?
-2
Convert -72 (base 15) to base 2.
-1101011
3 (base 5) to base 11
3
Convert 1e (base 15) to base 10.
29
Convert 3 (base 10) to base 6.
3
Convert 1031 (base 5) to base 13.
ab
What is -6 (base 9) in base 11?
-6
0 (base 2) to base 9
0
What is 201 (base 3) in base 16?
13
Convert 6 (base 7) to base 16.
6
Convert -40 (base 16) to base 10.
-64
-1 (base 11) to base 6
-1
Convert 4 (base 13) to base 4.
10
-35 (base 7) to base 10
-26
What is 11 (base 3) in base 13?
4
What is -203 (base 5) in base 15?
-38
What is -14 (base 5) in base 9?
-10
Convert 62 (base 7) to base 9.
48
What is 74 (base 11) in base 14?
5b
Convert b (base 16) to base 10.
11
Convert 5 (base 8) to base 13.
5
Convert 9c (base 16) to base 14.
b2
55 (base 10) to base 4
313
What is 3 (base 4) in base 14?
3
-23 (base 12) to base 2
-11011
What is 24 (base 6) in base 16?
10
-2 (base 4) to base 9
-2
Convert -5 (base 8) to base 13.
-5
What is -6 (base 10) in base 15?
-6
21 (base 11) to base 9
25
-22 (base 9) to base 10
-20
c (base 14) to base 6
20
-35 (base 11) to base 2
-100110
Convert 10 (base 16) to base 5.
31
-5 (base 12) to base 2
-101
Convert -a (base 15) to base 3.
-101
Convert -116 (base 8) to base 11.
-71
What is -1 (base 10) in base 2?
-1
Convert -1 (base 4) to base 9.
-1
What is 100 (base 2) in base 9?
4
-1 (base 13) to base 14
-1
What is -3 (base 4) in base 13?
-3
Convert 5 (base 14) to base 13.
5
What is 11222 (base 3) in base 7?
251
Convert -253 (base 7) to base 2.
-10001000
What is 3 (base 10) in base 14?
3
What is -3 (base 12) in base 4?
-3
Convert -40 (base 6) to base 16.
-18
What is -102 (base 4) in base 3?
-200
Convert -3c (base 14) to base 6.
-130
77 (base 10) to base 15
52
What is 22 (base 6) in base 14?
10
32 (base 9) to base 11
27
What is 1 (base 3) in base 12?
1
Convert -7 (base 13) to base 7.
-10
What is 10 (base 6) in base 8?
6
What is -72 (base 12) in base 14?
-62
74 (base 11) to base 13
63
3 (base 12) to base 13
3
Convert 1 (base 5) to base 16.
1
Convert 1121 (base 3) to base 13.
34
What is -b (base 15) in base 2?
-1011
36 (base 9) to base 7
45
What is -128 (base 15) in base 3?
-100202
What is -43 (base 5) in base 2?
-10111
-45 (base 6) to base 13
-23
-20 (base 3) to base 14
-6
93 (base 12) to base 3
11010
What is 2 (base 12) in base 7?
2
2 (base 7) to base 12
2
Convert 5 (base 16) to base 2.
101
-2 (base 3) to base 14
-2
What is -11 (base 9) in base 12?
-a
-44 (base 12) to base 3
-1221
Convert -43 (base 11) to base 8.
-57
What is -5 (base 6) in base 14?
-5
Convert -b5 (base 13) to base 6.
-404
What is -2 (base 12) in base 16?
-2
Convert -46 (base 8) to base 13.
-2c
What is -2 (base 4) in base 16?
-2
-15 (base 10) to base 5
-30
What is 4 (base 11) in base 4?
10
-5 (base 8) to base 15
-5
What is -45 (base 15) in base 2?
-1000001
Convert -121 (base 6) to base 10.
-49
Convert -20 (base 11) to base 7.
-31
What is 1103 (base 5) in base 3?
12200
Convert 12 (base 10) to base 14.
c
What is 3 (base 14) in base 6?
3
What is -10 (base 6) in base 4?
-12
Convert a (base 12) to base 13.
a
-37 (base 10) to base 13
-2b
What is 77 (base 12) in base 5?
331
What is -162 (base 9) in base 8?
-211
1 (base 7) to base 16
1
What is 13 (base 5) in base 10?
8
What is 37 (base 10) in base 3?
1101
3 (base 12) to base 7
3
What is 324 (base 5) in base 14?
65
4 (base 8) to base 14
4
3 (base 6) to base 16
3
-10 (base 5) to base 13
-5
What is 6 (base 7) in base 10?
6
-27 (base 11) to base 13
-23
-1 (base 16) to base 15
-1
3 (base 7) to base 3
10
Convert -1 (base 10) to base 2.
-1
123 (base 5) to base 12
32
Convert 6 (base 16) to base 3.
20
What is 22 (base 5) in base 9?
13
What is -14 (base 11) in base 14?
-11
What is 2 (base 11) in base 14?
2
7 (base 14) to base 7
10
39 (base 12) to base 9
50
25 (base 6) to base 5
32
Convert 2 (base 16) to base 13.
2
3 (base 12) to base 9
3
What is 1200 (base 3) in base 13?
36
What is -217 (base 10) in base 4?
-3121
-3 (base 12) to base 11
-3
41 (base 7) to base 15
1e
Convert -1011 (base 3) to base 8.
-37
What is 20 (base 7) in base 4?
32
9 (base 12) to base 7
